+ 0 + 0*a + 14/3*a**3 + 9*a**2. List the prime factors of b(-11).
2, 3, 5
Suppose 4*u + h = 22955, u + 2*h = 6*u - 28684. List the prime factors of u.
2, 19, 151
Let n be ((-1)/(5/110))/(10 - 8). Let g(q) = -51*q - 80. List the prime factors of g(n).
13, 37
Suppose -g - 8 = -4*a, 2*g + 5 = 2*a + 1. Suppose -5*k + i + 4475 = -950, -a*k + 2157 = -3*i. What are the prime factors of k?
2, 3, 181
Let t = 14401 + 2431. List the prime factors of t.
2, 263
Let q(b) = -5*b + 39. Let f = 346 - 341. List the prime factors of q(f).
2, 7
Let r(m) = -42*m - 46. Suppose 2*y + 5*s = 4 + 4, 0 = 5*y + 5*s + 10. What are the prime factors of r(y)?
2, 103
Suppose -36*p = -62*p + 416. Suppose -15419 = -p*j - j. List the prime factors of j.
907
Suppose -2*k + c + 1089 = 0, 0 = -2*k + 2*c + 235 + 859. Let q = k - 177. What are the prime factors of q?
5, 73
Suppose -2*i + 4*o + 11 = -9, -3*i - 4*o = 10. Suppose -i*k + 3*k - 248 = -b, 4*k + b = 1007. What are the prime factors of k?
11, 23
Suppose -2*s + 20 = -7*s, 0 = 3*h - s + 17. Let c be (-4)/10 - h/(210/2502). Suppose f - t - c = -4*t, f = -t + 93. List the prime factors of f.
2, 7
What are the prime factors of (-2504920)/(-70) - (-5 + (-507)/(-91))?
2, 3, 7, 71
Let k(g) = 2*g**3 - 8*g**2 - 15*g - 38. Suppose -52*t + 307 = -161. List the prime factors of k(t).
7, 13
Suppose -3*z = -4*x - 13, -5 = -3*z - 5*x + 26. Suppose -6 + z = w. Let b(m) = 262*m**3 - 2*m**2 + 2*m - 1. What are the prime factors of b(w)?
3, 29
List the prime factors of (-26)/143 - (-3 + 1298061/(-33)).
2, 13, 17, 89
Let h(s) = 5624*s**2 + 247*s - 249. List the prime factors of h(1).
2, 3, 937
Let k = 2044 + 36816. What are the prime factors of k?
2, 5, 29, 67
Let o = 8479 - 5695. What are the prime factors of o?
2, 3, 29
Let d be 5/(-25) - 1862/(-10). What are the prime factors of d/(0 - -1) - 6?
2, 3, 5
Suppose 38*b + 68*b - 518962 = 415852. What are the prime factors of b?
8819
Suppose 1 = -x, 0 = -7*z + 4*z - 2*x - 2. Suppose z = -4*w - u + 3779, -2*w - 5*u + 1872 = -u. List the prime factors of w.
2, 11, 43
Suppose -m = 4*m - 5*y - 880, -3*m = y - 532. Let p = -32 + m. Suppose -5*u = -5*b + p, -b - 5*u = 3 - 38. What are the prime factors of b?
2, 3, 5
Suppose -n = -8 + 6. Suppose -4*l - 5*k = -16, n*l - 11 = -k + 3. Let b = l + 27. What are the prime factors of b?
2, 3
Let f(a) = 3*a + 16. Let q be f(-8). Let x = 97 + -31. Let s = x - q. What are the prime factors of s?
2, 37
Suppose 0 = 5*a + d + 26, -5*a - 28 = 3*d - 0*d. Let c be (2 - 4)*(a - -3). List the prime factors of c/(-8)*(-28 + 2).
13
List the prime factors of (54229 + -14 - (-5 + -1 + 8)) + -7.
2, 27103
Let h(o) = 20*o + 80. Let q be h(-4). Suppose -4*s + 2426 + 446 = q. What are the prime factors of s?
2, 359
Let s = 10732 + -6949. List the prime factors of s.
3, 13, 97
List the prime factors of (-2)/6 - (-452688)/72.
6287
Suppose -90*s + 76514 + 288588 = -463078. What are the prime factors of s?
2, 43, 107
Suppose 45*i - 31*i - 18690 = 0. Suppose l - 687 = 2*x, -776 = -3*l - 4*x + i. What are the prime factors of l?
17, 41
Suppose 9*r + 546853 = 50*r - 126490. List the prime factors of r.
11, 1493
Suppose 3*x + 438 = x. Suppose 0 = -44*l + 66*l + 22. List the prime factors of ((1*x)/3)/(-2 - l).
73
Suppose -36*w + 84361 = -32598 - 5981. What are the prime factors of w?
5, 683
Let x be (41 - -5)/(4 + 40/(-12)). Suppose -p = -4*o + 615, -2*o = 3*p - 0*p - 325. Let s = o - x. List the prime factors of s.
2, 43
Let m = -4951 - -2561. What are the prime factors of (m/25)/(6/(-30))?
2, 239
Let p(x) = x**3 - 5*x**2 + 3*x - 12. Let g be p(5). Suppose 3*n = -v - 238, -4*n - 239 = g*v + 490. Let q = -127 - v. List the prime factors of q.
2, 3, 5
Suppose -2*c + 432 = -c. Let s = 649 - c. What are the prime factors of s?
7, 31
Suppose -2*x - 4*s = -16976, 10*s - 7*s = -4*x + 33932. List the prime factors of x.
2, 5, 53
List the prime factors of (-1832 - -2)*(-38)/114 + -9.
601
Suppose 0 = -27*l + 72 + 63. What are the prime factors of (36/7)/(l/(4655/14))?
2, 3, 19
Suppose 34 = 5*x - 66. Let c be (130/x)/(1/(-6)). Let s = 165 + c. List the prime factors of s.
2, 3, 7
Let b(p) = -p**3 - 2*p**2 - 3*p + 13. Let f = -42 - -37. Let a be b(f). Suppose a = 4*l - 113. What are the prime factors of l?
2, 3
Let i(n) = -8*n + 51. Let c = 85 - 110. What are the prime factors of i(c)?
251
Let v(w) = 20*w**2 - 6 - 31*w**2 - 5*w + 35*w**2. List the prime factors of v(-2).
2, 5
Suppose 2*d + 74 = -2*j, -4*d - 68 = -8*j + 10*j. List the prime factors of 429/(-65)*j*1.
2, 3, 11
Let k be 1 - ((3 + -6 - -1) + -25). Let t = k - 44. What are the prime factors of t + 20 - (-7 + 0)?
11
Suppose 5*u = -2*u - 154. Let c = -20 - u. Suppose c*y + y = 129. What are the prime factors of y?
43
Suppose d = 4*z - 1550, -3*d + 381 = z - 0*z. Let g = z + -304. What are the prime factors of g?
83
List the prime factors of 163824/20 + (-160)/(-200).
2
Let q be (-10 - -13)*((-1)/(-3) + 1). Let v(i) = 2*i**3 + i**2 + 5*i + 4. List the prime factors of v(q).
2, 3, 7
Let l = -379 + 382. Suppose 5*w + 2*h - l*h - 1428 = 0, 861 = 3*w - 2*h. List the prime factors of w.
3, 5, 19
Let t = 255 + 121. Suppose -374*n + t*n = 624. List the prime factors of n.
2, 3, 13
Let u = 93 - 89. Suppose -7*f + 137 = -6*f - 4*z, u*z + 572 = 4*f. What are the prime factors of f?
5, 29
Let k(v) = -3*v + 6. Let y be k(-6). Suppose -5*d = 3*p - 30, 3*d - y = -d - 5*p. Suppose -12*a + 198 = -d*a. List the prime factors of a.
3, 11
Suppose 3140 = 2*n + 4*m, -4*n + 2420 + 3830 = -2*m. Suppose -5*y + n = s, 624 = 2*y + s + s. What are the prime factors of y?
313
Let m be 3 + (0 - -42) + 2. Suppose -4*j = -m - 277. What are the prime factors of j?
3
Let o(x) = x**2 + 2*x + 1. Let v(y) = 3*y**3 - 21*y**2 - 19*y + 33. Let s(q) = 5*o(q) + v(q). What are the prime factors of s(10)?
2, 337
Let y = -1 + -3. Let b(v) be the third derivative of 2*v**5/15 + 5*v**4/12 + 3*v**3 - 151*v**2. What are the prime factors of b(y)?
2, 53
Let n = 433 + -429. Suppose d + n*l + 632 - 1650 = 0, 4*l = -4*d + 4048. What are the prime factors of d?
2, 5, 101
Let i(o) = 142*o**2 + 23*o - 40. What are the prime factors of i(4)?
2, 7, 83
List the prime factors of 4*7/(-28)*(2 + -2 + -5107).
5107
Suppose 70*c - 69*c - 20283 = 5*k, -81227 = -4*c + k. List the prime factors of c.
2, 5077
Let q = 105 - 100. Suppose 5*j = 695 - q. List the prime factors of j.
2, 3, 23
Let w = 37 + -35. Suppose -w*y = 5*b + 159, y = 2*y + 5*b + 67. Let m = 141 + y. List the prime factors of m.
7
Suppose 10*x - 241361 - 625239 = -46*x. List the prime factors of x.
5, 619
Suppose 2*b = 2*s + 22006, 2*b - 3*s = 2*s + 22003. Suppose 6*u - b = -u. List the prime factors of u.
2, 3, 131
Let p(l) = 54*l**2 - 43*l + 308. What are the prime factors of p(13)?
5, 71
Let d = 224 - 222. List the prime factors of (-6)/3*(-244 + d).
2, 11
Let i(j) = -28*j**3 - 4*j**2 - j + 2. Suppose 0 = -4*p + 4, 3*f - 5*p = 4*f - 3. Let l be i(f). Let z = l + -28. What are the prime factors of z?
2, 23
Let q(b) = -15*b - 11. Let j be q(-1). Let m be 2/j*(0 + 1)*276. List the prime factors of m - 24/(-20)*(-10)/4.
3, 5
Suppose -2*x + 14 = 3*c, -x + 5 + 1 = c. Suppose -3*a - 2*j + 23 = 0, c*j - 5 = -3*j. Suppose a*t - 899 - 109 = 0. What are the prime factors of t?
2, 3
Let i(w) = -w**2 + 115*w - 2632. List the prime factors of i(79).
2, 53
Suppose 5*p - 396 = -3*s, -4*s + 2*p - 6*p = -520. Let c = 152 + s. What are the prime factors of c?
3, 31
Let k(t) = -30*t + 23 - 66 + 23. Let p be k(-5). Suppose -5*x = 5*f - p, 55 + 1 = 2*x + 3*f. What are the prime factors of x?
2, 11
Suppose -13*o + 27*o = 2744. Let u = 934 - o. List the prime factors of u.
2, 3, 41
Let b(s) = 2*s**2 - 11*s + 25. Let g be b(4). Suppose -3*h + g = -5*c, h + 4*c - 2 = 25. Let v(l) = l**2 - l + 36. What are the prime factors of v(h)?
2, 73
List the prime factors of (38/76)/((-2)/(-1252)).
313
Let j(m) be the first derivative of 161*m**2/2 - 80*m + 57. What are the prime factors of j(4)?
2, 3, 47
Let o be ((-13)/(65/(-60)))/(416/5304). Let n = 7 + 3. List the prime factors of o - (5/(-1) + n).
2, 37
Suppose -3*q + 4*j + 128 = 0, 7*q - 195 = 2*q + 3*j. Let b(v) = -16*v + 2 - 19*v + 79*v**2 + q*v. What are the prime factors of b(-1)?
2, 5
Let o(m) = 2419*m**2 + 28